rs of l.
7
Let y = -6 - -2. List the prime factors of (-14)/(0 - y/(-8)).
2, 7
Suppose -5*l = -2*q - 33 - 7, -3*l + q = -25. What are the prime factors of l?
2, 5
Let c(i) = i**2 + 4*i - 2. Let t(r) = 3*r. Suppose 5*m = 3*q - 22, 2*m + q = -2*m - 4. Let u be t(m). List the prime factors of c(u).
2, 5
Let n = -758 - -520. List the prime factors of 2/(-6) + n/(-21).
11
Let i = 268 - 149. What are the prime factors of i?
7, 17
Suppose -3*s + 2*w + 202 = 7*w, 4*w = -3*s + 203. What are the prime factors of s?
3, 23
Suppose 4*f = 14 + 38. List the prime factors of f.
13
Let g(y) = -y**3 + 5*y**2 + 6*y + 4. Let m be g(6). Suppose s - 2*z = -3*z + 7, m*z = 20. What are the prime factors of s?
2
What are the prime factors of (6 - 2)*(-81)/(-6)?
2, 3
Let a(g) = -g**3 - 5*g**2 + 4*g + 8. Let m be a(-6). Suppose 79 = 5*w - c, -3*c + m = w + c. List the prime factors of w.
2
Let m be 2/9 + (-140)/63. What are the prime factors of (m/5)/((-1)/20)?
2
Let x(b) = 6*b + 10. List the prime factors of x(7).
2, 13
Let r(n) = -n + 1. Suppose 0 = 4*d - 5*o + 16, 0*d + 2*d - 18 = -4*o. Let j be r(d). Suppose j = -5*a + 31 + 44. List the prime factors of a.
3, 5
Let f be 27/63 + 11/7. Suppose 6*m - f*m - 148 = 0. What are the prime factors of m?
37
Suppose 0 = -k - 2*h + 28, -2*h - 48 - 14 = -2*k. List the prime factors of k.
2, 3, 5
Suppose -8*c + 144 = -4*c. Suppose -2 + c = p. Suppose 5*i = 26 + p. List the prime factors of i.
2, 3
Let r = 614 + -346. What are the prime factors of r?
2, 67
Suppose 2 = -m, 3*t - 10 = 8*t - 5*m. Let s = t + 6. List the prime factors of s.
2
Let p be 3 - 48/(-3) - -2. Let b = p - 13. List the prime factors of b.
2
Let u(j) = -j**3 + 5*j**2 + 6*j - 1. Let y = 7 - 1. Let r be u(y). Let o = 14 - r. What are the prime factors of o?
3, 5
Let z(m) = 100*m - 1. What are the prime factors of z(1)?
3, 11
Suppose -51 = -4*y + 1. Suppose 34 = y*g - 11*g. What are the prime factors of g?
17
Let w = 10 + -25. Let h(r) = 25*r**3 - r**2 + r. Let f be h(1). Let v = f + w. What are the prime factors of v?
2, 5
Suppose -4*r = 0, 4*m + 3*r = -r + 344. List the prime factors of m.
2, 43
Let i(q) = q. Let k(m) = m**2 - 3*m + 2. Let d(f) = 2*i(f) + k(f). List the prime factors of d(-3).
2, 7
Let u = 20 + -10. List the prime factors of (u/4 - 2)*6.
3
List the prime factors of 22 - -2*4/(-8).
3, 7
Let r(y) = -y**2 - 6*y - 6. Let v be r(-4). Suppose v*s = s + 9. What are the prime factors of s?
3
Let s(m) = -m - 1. Let f be s(0). List the prime factors of (1 - -6)*(f - -2).
7
Let f(i) = -i + 9. Let t be f(7). Suppose -73 + 13 = -t*j. List the prime factors of j.
2, 3, 5
Let p(g) = -g**2 - 2*g + 6. List the prime factors of p(0).
2, 3
Let m(b) be the first derivative of -b**4/4 + 7*b**3/3 + 6*b - 2. Let y be m(7). Suppose k = -4*i + 3*k + 14, -i = 2*k - y. List the prime factors of i.
2
Let q = -6 - -3. Suppose 2*j + 0*j = -14. Let f = q - j. What are the prime factors of f?
2
Suppose -7 = w - 10. Suppose w*l - l - 106 = 0. List the prime factors of l.
53
Suppose -30 = -2*b - 0*b. Let w be (b + -4)/(1 + 0). Let x = w + -7. What are the prime factors of x?
2
Let z = 19 - -1. List the prime factors of z.
2, 5
Suppose 3*l = 2*l + 5. Suppose 13 = -l*i + 68. What are the prime factors of i?
11
Let r(j) = j**3 + 4*j**2 - 6*j - 3. Let p be r(-5). Suppose -2*o - p = -6. Suppose -k = -2*k + o. List the prime factors of k.
2
Let d = -22 - -49. What are the prime factors of d?
3
List the prime factors of -2 + 9*(-3 - 92/(-12)).
2, 5
Let f(l) be the second derivative of -l**3/6 + l**2/2 - 3*l. Suppose -3*p - 8 = -p. What are the prime factors of f(p)?
5
Let k = 534 + -378. List the prime factors of k.
2, 3, 13
Let z be (-365)/11 - (-6)/33. Let q = 50 + z. What are the prime factors of q?
17
Let z be (-1 + 3)/(-1) + 9. Suppose -4*b = -p - 6, 5*p - 2 = 3*b + p. Suppose b*s - z = u + 15, -2*u = 4. What are the prime factors of s?
2, 5
Suppose 20 = 6*x - x. List the prime factors of x.
2
Let z(h) = 6*h**3 + h**2 - 6*h + 3. What are the prime factors of z(2)?
43
Let v be (-2)/(-2) - 30/3. Let r = -4 - v. Suppose r*s - 2*u = 11 + 10, 0 = s - 5*u - 18. List the prime factors of s.
3
Suppose -4*o + 237 + 287 = -4*l, 4*l - 12 = 0. List the prime factors of o.
2, 67
List the prime factors of 34 + 3 - 6/2.
2, 17
Let u(n) = n**3 - 7*n**2 - n + 9. Let c be u(7). Let f be (-1)/(-1*c/4). Suppose f = 2*b - 2. List the prime factors of b.
2
Let u = -7 - -12. Suppose 0 = u*c - 17 - 18. Let i = -4 + c. What are the prime factors of i?
3
Suppose 2*a + 5*p - 43 = 0, -19 = -a + 5*p - 5. List the prime factors of a.
19
Let w(u) = u**3 + 11*u**2 + 6*u + 6. What are the prime factors of w(-4)?
2, 47
What are the prime factors of 18 + (6 - 2 - 2)?
2, 5
Let a(s) = -s**3 - 2*s**2 + 2*s - 4. Let f be a(-3). Let n(z) = -4*z + 1. Let p be n(f). Let h(v) = -v**3 + 6*v**2 - 3*v - 5. List the prime factors of h(p).
5
Let w = 3 + 1. Suppose 4 = -3*b + w*x - 4, 0 = 5*b - 4*x. Suppose -2*t - 31 = i - b*i, 5*t = 5. What are the prime factors of i?
11
Suppose -5*w + 413 = 2*n + 80, 3*n - 337 = -5*w. What are the prime factors of w?
5, 13
Let s(p) = -p**2 + 7*p - 9. Let r be s(6). Let a = -3 + 11. Let t = r + a. List the prime factors of t.
5
Suppose 3*f = 1 + 2. Let k = f + 4. What are the prime factors of k?
5
List the prime factors of (4 - 104/28)*14.
2
Suppose -2 = -3*t + b, -5*t - b + 4 = -3*b. Suppose -4*g + 3*s + 16 = 4*s, t = 4*g + 5*s. List the prime factors of g.
5
Let i be (-6)/12 - 86/(-4). Let z = i - 8. What are the prime factors of z?
13
Let u = 1 - 2. Let f be (14 + u + 2)*2. Suppose 2*j = 5*j - f. What are the prime factors of j?
2, 5
Suppose 15*s - 7*s - 1200 = 0. What are the prime factors of s?
2, 3, 5
Suppose 0 = 3*u + 3*k + 33, 42 = -4*u - 4*k + k. List the prime factors of 2/u + 292/18.
2
Let b(v) = -v**3 - 7*v**2 + 8*v + 2. Let q be b(-8). Suppose j - 15 = -q*j, -2*z - 2*j + 10 = 0. List the prime factors of 3/(-6)*z - -16.
2
Let k = -185 - -108. List the prime factors of (-14)/k - (-238)/22.
11
Suppose -4*v + 19 = 5*w, -2*w + 4*v + 8 = 2*w. Let i = 15 + w. What are the prime factors of i?
2, 3
Suppose 3*z + 3*f + 218 = 8*z, 0 = 2*z + 2*f - 100. List the prime factors of z.
2, 23
Suppose -d + 2*u + 18 = 0, d + 5*u = 6*d - 95. Suppose 4*m + 3*k + d = 0, -k = -0 + 4. List the prime factors of (2 + -1)*(-8)/m.
2
Let q(k) = -2*k - 4. Let y(b) = b**3 + 7*b**2 + 8*b + 3. Let l be y(-6). Let a be q(l). Let m = a + -5. List the prime factors of m.
3
Let d(y) = -y + 13. Let g be d(13). Suppose -x = -0*x - 2, -2*p - 4*x + 8 = g. Suppose -5*m = -p*m - 30. What are the prime factors of m?
2, 3
What are the prime factors of ((-37)/(-4))/((-2)/(-8))?
37
Let w(c) = c**3 - 6*c**2 + 6*c + 3. Let p = -13 - -18. What are the prime factors of w(p)?
2
Suppose 4 = -4*a, -1 + 9 = -g - a. Let s(w) = w**3 + 8*w**2 - 10*w - 4. Let y be s(-9). Let d = y - g. List the prime factors of d.
2, 3
Let h be (9/6)/((-6)/(-20)). Suppose -4*w = -h*w + 5. What are the prime factors of w?
5
Let n be (4/8)/((-2)/(-92)). Suppose n*q + 16 = 25*q. List the prime factors of q.
2
Let h = -9 + 15. What are the prime factors of 16/h*(-105)/(-14)?
2, 5
Suppose -2*t + 535 = 3*t. List the prime factors of t.
107
Suppose -4*v - 100 = -3*j - 0*v, -2*v = -2*j + 64. Let h = -14 + j. List the prime factors of h.
2, 7
Let r(f) be the first derivative of f**3/3 + 9*f**2/2 - 15*f + 2. List the prime factors of r(-12).
3, 7
Let t(q) = -q**2 - 24*q - 57. What are the prime factors of t(-19)?
2, 19
Let c = 0 + 4. Suppose 4*t - 2*d - 76 = -0*d, -5*t - c*d = -69. What are the prime factors of t?
17
Let x be (-1)/(0 + -1) - 6. Let n = x + 17. List the prime factors of n.
2, 3
Let w(v) = v**3 + v**2 + 4. Let m be w(0). Suppose 0 = m*p - 2*p - 70. List the prime factors of p.
5, 7
Let u be (-2)/(3/(171/(-2))). Let i = -22 + u. List the prime factors of i.
5, 7
Suppose 3*p = 2*p + 30. Suppose 5*n - p = -0. What are the prime factors of n?
2, 3
Let x(p) = p**3 - 5*p**2 - p + 10. List the prime factors of x(6).
2, 5
Let j = 43 + -31. Suppose -5*i + 13 = -j. What are the prime factors of i?
5
List the prime factors of (-2 + 3 + -5)*(-73)/4.
73
Let m(t) = -4*t - 3. Let p be m(-2). Suppose 26 - 101 = -p*d. List the prime factors of (6/d)/((-1)/(-5)).
2